47. Suppose 3*s = 82 + a. What are the prime factors of s?
2, 61
Suppose 2*b = -c - 8, 0 = b + 3*b + 20. Suppose 23 = -4*v - t + 176, 0 = 5*v - c*t - 201. What are the prime factors of v?
3, 13
Let j(a) = 30*a - 42. Let m be j(-7). List the prime factors of 1 + (m/54)/(1/(-57)).
3, 89
Suppose 0 = 5*j + 70 + 5. Let c be (-18)/j*(-10)/(-4). Suppose -5*n + 235 = -5*f, -f + c = 8. List the prime factors of n.
2, 3, 7
Let u(p) = -p**3 - 32*p**2 - 9*p + 51. List the prime factors of u(-32).
3, 113
Let g(x) = x**3 + 2*x**2 - 2*x - 2. Let n be g(-2). Suppose -n = -2*w + 4. Suppose 0*h = -2*h - w*z, 3*z = 3*h - 15. List the prime factors of h.
3
Let l be (2 + -137)/5 + (1 - 1). What are the prime factors of (-18)/l + (-854)/(-6)?
11, 13
Let h = 475 + -399. Let r = -30 + 9. Let j = h + r. List the prime factors of j.
5, 11
Let i(a) = -199 + 199 + 84*a**2. What are the prime factors of i(1)?
2, 3, 7
What are the prime factors of -298*(0 + (-5 - -3 - 2))?
2, 149
Suppose -6556 = 11*w - 15*w. What are the prime factors of w?
11, 149
What are the prime factors of (6052/20 + -5)/(15/250)?
2, 5, 31
Let n = -47 + 78. Suppose u + r = 3, 12 - n = 2*u - 3*r. Let z(s) = 2*s**2 - 3*s - 3. What are the prime factors of z(u)?
11
What are the prime factors of 3 + ((-12)/(-6) + 3 - -1006)?
2, 3, 13
Suppose -3*z - 260 = -5*y, 2*y + 52 = 3*y + 5*z. Suppose -j = -0*j + 2. What are the prime factors of j - (y/(-2) + 0)?
2, 3
Suppose -81*c + 5286 = -78*c. List the prime factors of c.
2, 881
Let l(z) = 2*z**2 + 3*z + 2. Let g be l(-2). Suppose -2*b - 2*k = 48, 4*b - 5*k = -k - 72. What are the prime factors of g*(-2 - b/4)?
13
Let g = -479 - -1546. What are the prime factors of g?
11, 97
Let c(k) = 35*k**3 + k**2 + 2*k + 4. What are the prime factors of c(5)?
2, 2207
Let j(k) = 18 + 2*k + 3*k + 3*k - 6*k. Let y be j(-7). Suppose 169 = 3*o - y*q, 0 = -0*q + 2*q - 4. List the prime factors of o.
59
Suppose -3*v + 136 = -2. Suppose 0 = -47*j + v*j + 238. What are the prime factors of j?
2, 7, 17
Let s = 22 + -11. Suppose i - s = -0*i. What are the prime factors of i?
11
What are the prime factors of ((-3)/(-9))/(3/45)?
5
Suppose 4*j = 2*x - x + 2, 20 = 3*x + j. Suppose -c + 4*c - 2*h + 4 = 0, -36 = 5*c + 4*h. List the prime factors of (-14)/c*x - -1.
2, 11
Let m be 1/1 + 24/(12/2). Suppose -3*s = -3*k + 7*k - 820, -4*k - 1420 = -m*s. What are the prime factors of s?
2, 5, 7
Let x be (5/3)/(5/15). Suppose 11 = 2*d - 5*u + 66, 120 = -5*d - x*u. Let p = 75 + d. List the prime factors of p.
2, 5
Let q = 843 + -547. Suppose -q + 44 = n. Let h = -177 - n. List the prime factors of h.
3, 5
Suppose 2*m = -4*a - 2, -2*m + 5*a - 10 + 35 = 0. Suppose -58 = -o - m. List the prime factors of o.
53
Let z(q) = -66*q - 1. Let a be z(-5). Suppose 4*r = 3*j - 6*j + a, 0 = 5*j + 4*r - 551. List the prime factors of j.
3, 37
Suppose 3*n = -2*z + 203 + 74, 4*z + 5*n - 557 = 0. Let t = 185 - z. List the prime factors of t.
2, 3, 7
Let q(r) be the first derivative of -r**2 + 9*r + 8. Let v be q(-8). Suppose 0 = -5*a - v - 0, g - 40 = a. List the prime factors of g.
5, 7
Suppose 0*w - 95 = -w. Suppose 0*j + 412 = -4*j + 4*m, -j - m = w. Let r = -63 - j. What are the prime factors of r?
2, 3
Suppose 0*o + 3*o = -18. Let r be ((-5)/15)/(2/o). What are the prime factors of (3 + -2)*23/r?
23
Let v be -1 - (-11 + 2)/3. Suppose -v*l + 60 = -4*o, o + l + 2 + 13 = 0. List the prime factors of 162/o*20/(-8).
3
Suppose 2*o - 12 = -o. Suppose -o*a + 2*a + 112 = 0. List the prime factors of a.
2, 7
Let l be 2/(-8) - 43395/(-44). List the prime factors of l/12 + 11/(-66).
2, 41
Let i(d) = -d**3 - 11*d**2 - 11*d - 12. Let r be i(-10). Let s be 2*r*(-29)/4. Suppose 2*m = -0*o + o + s, -m + 3*o + 12 = 0. List the prime factors of m.
3, 5
Suppose 3*z = 3*x - 8*x + 7515, 2*x - 6 = 0. List the prime factors of z.
2, 5
Let q be 2 - (0 - (-4)/2). Suppose q = 3*h - 4*h + 8. Suppose 4*x = -h + 28. What are the prime factors of x?
5
Let h be 6/3 - 0/2. Suppose 25 = 2*c + 3*c, -37 = h*v - 5*c. What are the prime factors of (108/16)/(v/(-16))?
2, 3
Let p(j) = -13*j + 48. Let h(m) = 3*m - 12. Let u(g) = -9*h(g) - 2*p(g). What are the prime factors of u(9)?
3
List the prime factors of -1*5*(1656/(-5) + 7).
1621
Suppose -22*p + 20*p = -200. What are the prime factors of p?
2, 5
Let p(x) be the third derivative of -11*x**4/24 - 2*x**3/3 - 3*x**2. Let n be p(-6). Suppose -2*s + 93 = 3*a, -2*a + 3*s + n = 5*s. List the prime factors of a.
31
Let h be 1 - (100/4 + -3). Suppose 0 = 2*k - 3 - 9. Let m = k - h. List the prime factors of m.
3
Let u(l) = l**3 + 4*l**2 - l + 4. Let c(h) = 5*h + 1. Suppose -5 + 7 = -2*t. Let r be c(t). List the prime factors of u(r).
2
Suppose -5*h - 35 = -0*h. Let g(n) = -n. List the prime factors of g(h).
7
Let k = 36 - 37. Suppose -2*g + 360 = 3*g. List the prime factors of g/(-21)*(k - 6).
2, 3
Let a(y) = -y**2 + 10*y + 19. Suppose -4*d - 4 - 34 = -2*x, -4*x + d = -48. Let i = 21 - x. List the prime factors of a(i).
19
Let m(g) = -g**2 + 7*g - 5. Let z be m(5). Let f be z*((-27)/(-15))/3. Suppose -2*y - 5*h + 64 = 0, -3*y + 78 = -0*y + f*h. List the prime factors of y.
2, 11
Suppose -4*d - 273 + 1485 = 0. What are the prime factors of d?
3, 101
Suppose 18*w + 20 = 23*w. What are the prime factors of 90/(-60) + 898/w?
223
Suppose f + 13 = 5*r, 8*f - 6*f + 10 = 2*r. Suppose -2*d + 2*y - 6*y + 232 = 0, 5*d - 520 = r*y. List the prime factors of d.
2, 53
What are the prime factors of (-1 + 230/2)/(360/3120)?
2, 13, 19
Suppose 0 = -4*z - 0*q - q - 5, 4*q + 20 = 3*z. Suppose 2*s + 2 - 10 = z. Suppose -16 = -a - 2*j + 4*j, -s*a + 2*j = -58. List the prime factors of a.
2, 7
Suppose -34*h = -31*h + 3*y - 10560, y = -5*h + 17592. What are the prime factors of h?
2, 1759
Let f(b) = 28*b - 1. Let p(x) = -6 + 1 + 141*x - 1. Let l(y) = 11*f(y) - 2*p(y). List the prime factors of l(1).
3
Suppose -19*j + 18*j = -546. Suppose 15*t - j = 8*t. List the prime factors of t.
2, 3, 13
Let d be -5*1/((-10)/4). Let a(h) = -4*h**3 + 3*h**d + 12*h**3 - 6*h**2 - 6*h**3 + 1. What are the prime factors of a(3)?
2, 7
Let f be (3 - 1)*(-245)/14. Let r = 55 + f. List the prime factors of r.
2, 5
Suppose 4*l = -11*m + 15*m - 15596, 5*m = -l + 19489. List the prime factors of m.
2, 1949
Let a = -33 + 16. Let g = 6 - a. What are the prime factors of g?
23
Let i = 50 + -53. What are the prime factors of (i - (-1 - -3))*434/(-35)?
2, 31
Let l(j) = j**2 + 12*j + 11. Let m be l(-11). Suppose m*x - 5*x - 145 = 0. Let p = -4 - x. List the prime factors of p.
5
What are the prime factors of (-3 - 182)*(280/(-25))/7?
2, 37
Suppose 0 = -3*l + 35 + 28. Suppose 0 = 5*u - 5. Let k = u + l. What are the prime factors of k?
2, 11
Let b(z) = 7*z**2 - z - 2. Let k be b(-4). Suppose -2*t + 0*t = -k. What are the prime factors of t?
3, 19
Suppose 2*c = 3*c - 2, -5*k = -4*c - 12. Suppose v - 26 + 105 = k*r, -2*v - 82 = -4*r. Let w = 23 + r. List the prime factors of w.
2, 3, 7
Let q be 30 - -4*(-12)/16. Let u = 22 + q. Let j = 5 + u. List the prime factors of j.
2, 3
List the prime factors of 2*((-950)/(-7) + (-12)/(-42)).
2, 17
Let m(z) = 4*z**2 - 2*z. Let a be m(1). What are the prime factors of (a/(-6))/((-5)/(4 - -3206))?
2, 107
Suppose x = -2 + 4, -2*h - x + 1052 = 0. What are the prime factors of h?
3, 5, 7
Suppose 3*o = 2*h - 12, -1 = 3*o + h + 20. Let a(f) = f**3 + 8*f**2 + f + 4. List the prime factors of a(o).
2, 5, 7
Suppose -8303 = -21*r - 2*r. List the prime factors of r.
19
Let o = 8 + -9. List the prime factors of 1444/18 - o/(-9)*2.
2, 5
Suppose 8 = -4*t - 5*y, 4*t - 3*y = 2*y - 8. What are the prime factors of t/4 + (-258)/(-4)?
2
Let f = -2825 - -4336. Suppose -4*r + f = 439. List the prime factors of r.
2, 67
Let c be 12/9*(-5 - -2). Let p(t) = -13*t**2 - 4*t + 13. Let l(v) = 6*v**2 + 2*v - 6. Let o(g) = 7*l(g) + 3*p(g). List the prime factors of o(c).
37
Let v(p) be the first derivative of -p**2 + 82*p - 16. List the prime factors of v(0).
2, 41
Let k be (-81)/(-18) - 1/(-2). Let d = 417 + -92. Suppose 5*s - d = -k*r, -2*r - 3*r + 3*s = -293. List the prime factors of r.
61
Let x = -741 - -2613. List the prime factors of x.
2, 3, 13
Let f(z) = z**2 + 7*z + 3. Let k be f(-9). Suppose 3*p - 3*b - k = 0, -2*p - 4*b - 24 = -5*p. Suppose